{"id":15,"date":"2024-07-02T18:38:01","date_gmt":"2024-07-02T16:38:01","guid":{"rendered":"http:\/\/assohapi.eu\/?page_id=15"},"modified":"2025-05-21T11:03:04","modified_gmt":"2025-05-21T09:03:04","slug":"accueil","status":"publish","type":"page","link":"https:\/\/assohapi.eu\/","title":{"rendered":"Accueil"},"content":{"rendered":"\n<p class=\"has-medium-font-size\"><strong><em>Bienvenue sur le site de l&rsquo;association HAPI (Histoire, Animation, Patrimoine, Initiative).<\/em><\/strong><\/p>\n\n\n\n<p class=\"has-medium-font-size\">Hapi est compos\u00e9e de membres b\u00e9n\u00e9voles souhaitant participer \u00e0 l\u2019animation de la vie sociale au b\u00e9n\u00e9fice de la population.<br>Le but de l&rsquo;association est d\u2019animer nos villages en proposant et organisant des manifestations d\u2019ordre culturel mais \u00e9galement :<\/p>\n\n\n\n<ul class=\"wp-block-list\">\n<li class=\"has-medium-font-size\">de promouvoir, par des actions culturelles, le patrimoine historique et architectural des communes, y compris par la vente de livres sur le sujet.<\/li>\n\n\n\n<li class=\"has-medium-font-size\">d&rsquo;apporter son concours \u00e0 l\u2019am\u00e9lioration du cadre de vie et de l\u2019environnement des habitants,<\/li>\n\n\n\n<li class=\"has-medium-font-size\">de proposer, organiser et promouvoir des animations ou des \u00e9v\u00e9nements pour contribuer \u00e0 la vie des communes. Ces animations\/\u00e9v\u00e9nements pourront \u00eatre propos\u00e9es aux communes voisines,<\/li>\n\n\n\n<li class=\"has-medium-font-size\">de mettre en commun, au service de tous, le savoir-faire et l\u2019exp\u00e9rience de chacun,<\/li>\n\n\n\n<li class=\"has-medium-font-size\">d&rsquo;apporter son concours \u00e0 la sauvegarde du patrimoine architectural et y int\u00e9resser les habitants,<\/li>\n<\/ul>\n","protected":false},"excerpt":{"rendered":"<p>Bienvenue sur le site de l&rsquo;association HAPI (Histoire, Animation, Patrimoine, Initiative). Hapi est compos\u00e9e de membres b\u00e9n\u00e9voles souhaitant participer \u00e0 l\u2019animation de la vie sociale au b\u00e9n\u00e9fice de la population.Le but de l&rsquo;association est d\u2019animer nos villages en proposant et organisant des manifestations d\u2019ordre culturel mais \u00e9galement :<\/p>\n","protected":false},"author":1,"featured_media":0,"parent":0,"menu_order":0,"comment_status":"closed","ping_status":"closed","template":"","meta":{"footnotes":""},"class_list":["post-15","page","type-page","status-publish","hentry"],"_links":{"self":[{"href":"https:\/\/assohapi.eu\/index.php\/wp-json\/wp\/v2\/pages\/15","targetHints":{"allow":["GET"]}}],"collection":[{"href":"https:\/\/assohapi.eu\/index.php\/wp-json\/wp\/v2\/pages"}],"about":[{"href":"https:\/\/assohapi.eu\/index.php\/wp-json\/wp\/v2\/types\/page"}],"author":[{"embeddable":true,"href":"https:\/\/assohapi.eu\/index.php\/wp-json\/wp\/v2\/users\/1"}],"replies":[{"embeddable":true,"href":"https:\/\/assohapi.eu\/index.php\/wp-json\/wp\/v2\/comments?post=15"}],"version-history":[{"count":10,"href":"https:\/\/assohapi.eu\/index.php\/wp-json\/wp\/v2\/pages\/15\/revisions"}],"predecessor-version":[{"id":205,"href":"https:\/\/assohapi.eu\/index.php\/wp-json\/wp\/v2\/pages\/15\/revisions\/205"}],"wp:attachment":[{"href":"https:\/\/assohapi.eu\/index.php\/wp-json\/wp\/v2\/media?parent=15"}],"curies":[{"name":"wp","href":"https:\/\/api.w.org\/{rel}","templated":true}]}}